{"id":54,"date":"2020-02-08T14:37:25","date_gmt":"2020-02-08T14:37:25","guid":{"rendered":"http:\/\/www.ohtakari.com\/kalastajainseura\/?page_id=54"},"modified":"2025-12-21T12:15:14","modified_gmt":"2025-12-21T10:15:14","slug":"luvat","status":"publish","type":"page","link":"https:\/\/www.lohtajanks.fi\/?page_id=54","title":{"rendered":"Kalastusluvat"},"content":{"rendered":"\n<p><strong>Alempana n\u00e4kyv\u00e4t kalastusluvat <\/strong>voi ostaa klikkaamalla t\u00e4t\u00e4 <a href=\"https:\/\/www.lohtajanks.fi\/?page_id=995\" data-type=\"link\" data-id=\"https:\/\/www.lohtajanks.fi\/?page_id=995\"><strong>kalastuslupakaupan<\/strong><\/a> linkki\u00e4. <strong>Jos tulee kysytt\u00e4v\u00e4\u00e4 nettilupaostoksissa niin otathan yhteytt\u00e4 Seuran sihteeriin Juhani Nissil\u00e4\u00e4n p. 044 280 9609<\/strong><\/p>\n\n\n\n<p>Lupahinnat niille jotka eiv\u00e4t ole Kalastajainseuran j\u00e4seni\u00e4 !  <\/p>\n\n\n\n<p><strong>VERKKOLUVAT<\/strong> <\/p>\n\n\n\n<p>-viikkolupa&nbsp;30\u20ac<\/p>\n\n\n\n<p>-vuosilupa&nbsp;60\u20ac<\/p>\n\n\n\n<p>Verkkoja saa pit\u00e4\u00e4 nelj\u00e4 paria kerralla pyynniss\u00e4. (240m)<\/p>\n\n\n\n<p>&#8211; <strong>VETOUISTELULUPA, <\/strong>yksityishenkil\u00f6lle, hinta 30 euroa\/kalenterivuosi.<\/p>\n\n\n\n<p>&#8211; <strong>ISKUKOUKKULUPA<\/strong>  Hinta 30 euroa\/ kalenterivuosi. Koukkum\u00e4\u00e4r\u00e4\u00e4 ei ole rajoitettu !<\/p>\n\n\n\n<p>Seuralla on kalastusalueena Lohtajan kyl\u00e4lt\u00e4 ja Alaviirteelt\u00e4 4500 ha vuokrattua vesialuetta sek\u00e4 Mets\u00e4hallituksen rantavedet Vattajanniemell\u00e4. <a href=\"https:\/\/www.lohtajanks.fi\/wp-content\/uploads\/2025\/09\/lohtajan_kalastajainseuran_kalastusalueet.jpg\" data-type=\"link\" data-id=\"https:\/\/www.lohtajanks.fi\/wp-content\/uploads\/2025\/09\/lohtajan_kalastajainseuran_kalastusalueet.jpg\">Kalastusalueen kartta.<\/a><\/p>\n\n\n\n<p>Lohtajan kalastajainseuran valtuuttamilla kalastuksenvalvojilla on oikeus tarkistaa  Lohtajan- ja Alaviirteen kyl\u00e4n vesill\u00e4 ovatko kalastuslain vaatimat asiat sek\u00e4 kalastajainseuran antamat m\u00e4\u00e4r\u00e4ykset luvanvaraisen kalastuksen osalta kunnossa !<\/p>\n\n\n\n<p>&#8212;&#8212;&#8212;&#8212;&#8212;&#8212;&#8212;&#8212;&#8212;&#8212;&#8212;&#8212;&#8212;&#8212;&#8212;&#8212;&#8212;&#8212;&#8212;&#8212;&#8212;&#8212;&#8212;&#8212;&#8212;&#8212;&#8212;&#8212;&#8212;&#8212;&#8212;&#8212;&#8212;&#8211;<\/p>\n\n\n\n<p><strong>SEURAAVAT LUVAT maksetaan k\u00e4teisell\u00e4<\/strong> ja noudetaan ennalta sovittuna p\u00e4iv\u00e4n\u00e4 ja -kellonaikana Matti Erkkil\u00e4n kotoa Raitatie 4, 68230 Lohtaja puh. 0400 791 988<\/p>\n\n\n\n<p>&#8211; NS. &#8220;MANTTAALILUPA&#8221; eli joilla on osuutta Lohtajan ja\/tai Alaviirteen kyl\u00e4n yhteisalueisiin<\/p>\n\n\n\n<p> Hinnat: KATISKAMERKIT\/-LUVAT alla ( niille jotka eiv\u00e4t ole seuran j\u00e4seni\u00e4 )<\/p>\n\n\n\n<ol>\n<li>Kaikki katiskapyynti on luvanvaraista. Lupa on voimassa katiskapyydysmerkkiin painetun kalenterivuoden ajan. Kiinnit\u00e4 merkki katiskaan. (Voit my\u00f6s varmistaa nippusiteell\u00e4, ett\u00e4 merkki pysyy katiskassa kiinni)<\/li>\n\n\n\n<li>Katiskaluvat ovat voimassa  yll\u00e4 olevilla Lohtajan kalastajainseuran hallinnoimilla vesialueilla. Luvanhakijan pit\u00e4\u00e4 tarvittaessa pysty\u00e4 todistamaan oikeutensa tietynlaisen katiskaluvan saamiseen luvan myyj\u00e4lle Matti Erkkil\u00e4lle. ( esim ik\u00e4, seuran j\u00e4senmaksun maksaminen, Seuran alueella asuminen tai -syntyminen tai osuus joko Lohtajan- tai Alaviirteen kyl\u00e4n yhteisalueeseen.)<\/li>\n\n\n\n<li>Seuran alueella asuvat ja syntyneet (ks. seuran s\u00e4\u00e4nn\u00f6t 5 \u00a7) jotka ovat maksaneet seuran j\u00e4senmaksun + vapaaj\u00e4senet saavat ilmaiset katiskamerkit  Matti Erkkil\u00e4lt\u00e4 ks. puh.nro yll\u00e4.<\/li>\n\n\n\n<li> Kalenterivuonna jona j\u00e4sen t\u00e4ytt\u00e4\u00e4 70 vuotta h\u00e4n maksaa viel\u00e4 j\u00e4senmaksun. Sen j\u00e4lkeen h\u00e4n on vapaaj\u00e4sen ilman j\u00e4senmaksuvelvollisuutta. Edell\u00e4 oleva koskee my\u00f6s Seuran alueella asuvia tai -syntyneit\u00e4 sek\u00e4 &#8220;ns. manttaalilupaan oikeutettuja&#8221;!<\/li>\n\n\n\n<li>Muille <strong>katiskalupa on maksullinen 10 euroa\/katiska \/kalenterivuosi<\/strong>. Ei m\u00e4\u00e4r\u00e4rajoitusta !<\/li>\n\n\n\n<li>Lohtajan kalastajainseuran valtuuttamilla kalastuksenvalvojilla on oikeus Lohtajan- ja Alaviirteen kyl\u00e4n vesill\u00e4 tarkistaa onko katiskassa voimassa oleva pyydysmerkki ja noudatetaanko muutoinkin kalastuslain m\u00e4\u00e4r\u00e4yksi\u00e4!<\/li>\n<\/ol>\n\n\n\n<p>Vuoden 2025 katiskapyydysmerkeist\u00e4 ovat saapuneet Seuralle ja noudettavissa maksun yhteydess\u00e4 Matti Erkkil\u00e4n kotoa. <\/p>\n\n\n\n<p>Seuran j\u00e4senille  ko. merkit sis\u00e4ltyv\u00e4t j\u00e4senmaksuun. N\u00e4m\u00e4kin merkit noudetaan Matti Erkkil\u00e4lt\u00e4 sopimuksen mukaan.<\/p>\n\n\n\n<p>KALASTUSKIELTO KOUKIN KANAVAAN<\/p>\n\n\n\n<p>Kaikki pyydyskalastus verkot, katiskat, kalatuvat ym. on kielletty Koukin kanavassa ja kanavan edustan vesialueella 1.5.-30.6 v\u00e4lisen\u00e4 aikana Lohtajan kalastajainseuran p\u00e4\u00e4t\u00f6ksell\u00e4 kokouksessa 23.4.2025 \u00a723. Alueelle on viety opastetaulut joissa on tekstin lis\u00e4ksi my\u00f6s kartta kieltoalueesta.<\/p>\n\n\n\n<p>Onkiminen ja viehekalastus on sallittua my\u00f6s kalastuskiellon aikana!<\/p>\n","protected":false},"excerpt":{"rendered":"<p>Alempana n\u00e4kyv\u00e4t kalastusluvat voi ostaa klikkaamalla t\u00e4t\u00e4 kalastuslupakaupan linkki\u00e4. Jos tulee kysytt\u00e4v\u00e4\u00e4 nettilupaostoksissa niin otathan yhteytt\u00e4 Seuran sihteeriin Juhani Nissil\u00e4\u00e4n p. 044 280 9609 Lupahinnat niille jotka eiv\u00e4t ole Kalastajainseuran j\u00e4seni\u00e4 ! VERKKOLUVAT -viikkolupa&nbsp;30\u20ac -vuosilupa&nbsp;60\u20ac Verkkoja saa pit\u00e4\u00e4 nelj\u00e4 paria kerralla pyynniss\u00e4. (240m) &#8211; VETOUISTELULUPA, yksityishenkil\u00f6lle, hinta 30 euroa\/kalenterivuosi. &#8211; ISKUKOUKKULUPA Hinta 30 euroa\/ kalenterivuosi. &hellip; <\/p>\n<p class=\"link-more\"><a href=\"https:\/\/www.lohtajanks.fi\/?page_id=54\" class=\"more-link\">Jatka lukemista<span class=\"screen-reader-text\"> &#8220;Kalastusluvat&#8221;<\/span><\/a><\/p>\n","protected":false},"author":1,"featured_media":0,"parent":0,"menu_order":0,"comment_status":"closed","ping_status":"closed","template":"","meta":{"footnotes":""},"_links":{"self":[{"href":"https:\/\/www.lohtajanks.fi\/index.php?rest_route=\/wp\/v2\/pages\/54"}],"collection":[{"href":"https:\/\/www.lohtajanks.fi\/index.php?rest_route=\/wp\/v2\/pages"}],"about":[{"href":"https:\/\/www.lohtajanks.fi\/index.php?rest_route=\/wp\/v2\/types\/page"}],"author":[{"embeddable":true,"href":"https:\/\/www.lohtajanks.fi\/index.php?rest_route=\/wp\/v2\/users\/1"}],"replies":[{"embeddable":true,"href":"https:\/\/www.lohtajanks.fi\/index.php?rest_route=%2Fwp%2Fv2%2Fcomments&post=54"}],"version-history":[{"count":65,"href":"https:\/\/www.lohtajanks.fi\/index.php?rest_route=\/wp\/v2\/pages\/54\/revisions"}],"predecessor-version":[{"id":1397,"href":"https:\/\/www.lohtajanks.fi\/index.php?rest_route=\/wp\/v2\/pages\/54\/revisions\/1397"}],"wp:attachment":[{"href":"https:\/\/www.lohtajanks.fi\/index.php?rest_route=%2Fwp%2Fv2%2Fmedia&parent=54"}],"curies":[{"name":"wp","href":"https:\/\/api.w.org\/{rel}","templated":true}]}}